{"id":13,"date":"2026-04-24T21:39:47","date_gmt":"2026-04-24T21:39:47","guid":{"rendered":"https:\/\/symem.mx\/?page_id=13"},"modified":"2026-04-25T00:26:02","modified_gmt":"2026-04-25T00:26:02","slug":"home","status":"publish","type":"page","link":"https:\/\/symem.mx\/","title":{"rendered":"Inicio"},"content":{"rendered":"\t\t<div data-elementor-type=\"wp-page\" data-elementor-id=\"13\" class=\"elementor elementor-13\" data-elementor-post-type=\"page\">\n\t\t\t\t<div class=\"elementor-element elementor-element-b2ed4c7 e-flex e-con-boxed e-con e-parent\" data-id=\"b2ed4c7\" data-element_type=\"container\" data-e-type=\"container\" data-settings=\"{&quot;background_background&quot;:&quot;classic&quot;}\">\n\t\t\t\t\t<div class=\"e-con-inner\">\n\t\t<div class=\"elementor-element elementor-element-14c4541 e-con-full e-flex e-con e-child\" data-id=\"14c4541\" data-element_type=\"container\" data-e-type=\"container\">\n\t\t\t\t<\/div>\n\t\t<div class=\"elementor-element elementor-element-c2d17d3 e-con-full e-flex e-con e-child\" data-id=\"c2d17d3\" data-element_type=\"container\" data-e-type=\"container\">\n\t\t\t\t\t\t\t<h2 \n\t\tdata-interaction-id=\"03c2a7d\" \n\t\tclass=\"e-03c2a7d-2f68114 e-heading-base\" \n\t\t \n\t\tdata-e-type=\"widget\" data-id=\"03c2a7d\"\n\t>\n\t\n\t\t\t<strong>Suministro y mantenimiento confiable de equipo m\u00e9dico y electromecanico<\/strong>\n\t\t<\/h2>\n\t\t\t\t<\/div>\n\t\t<div class=\"elementor-element elementor-element-330f8c0 e-con-full e-flex e-con e-child\" data-id=\"330f8c0\" data-element_type=\"container\" data-e-type=\"container\">\n\t\t\t\t<div class=\"elementor-element elementor-element-986c303 elementor-widget elementor-widget-text-editor\" data-id=\"986c303\" data-element_type=\"widget\" data-e-type=\"widget\" data-widget_type=\"text-editor.default\">\n\t\t\t\t\t\t\t\t\t<h2 class=\"m-h-item header2 custom-font-settings   header-modules-header-font\" data-custom-font=\"\" data-is-italic-supported=\"\" data-line-height=\"\" data-letter-spacing=\"\" data-word-spacing=\"\">Soporte t\u00e9cnico especializado para que tu cl\u00ednica nunca se detenga<\/h2>\t\t\t\t\t\t\t\t<\/div>\n\t\t\t\t<\/div>\n\t\t<div class=\"elementor-element elementor-element-dd584e4 e-con-full e-flex e-con e-child\" data-id=\"dd584e4\" data-element_type=\"container\" data-e-type=\"container\">\n\t\t\t\t\t    \t            <button class=\"e-0838b16-cccff86 e-button-base\" data-interaction-id=\"0838b16\"  data-e-type=\"widget\" data-id=\"0838b16\">\n            Contactanos\n        <\/button>\n    \t\t\t\t<\/div>\n\t\t\t\t\t<\/div>\n\t\t\t\t<\/div>\n\t\t<div class=\"elementor-element elementor-element-335b163 e-flex e-con-boxed e-con e-parent\" data-id=\"335b163\" data-element_type=\"container\" data-e-type=\"container\">\n\t\t\t\t\t<div class=\"e-con-inner\">\n\t\t<div class=\"elementor-element elementor-element-e7cabc6 e-con-full e-flex e-con e-child\" data-id=\"e7cabc6\" data-element_type=\"container\" data-e-type=\"container\">\n\t\t<div class=\"elementor-element elementor-element-59d1792 e-con-full e-flex e-con e-child\" data-id=\"59d1792\" data-element_type=\"container\" data-e-type=\"container\">\n\t\t\t\t\t\t\t\n\t\t<img class=\"e-image-base e-f7a6108-a6a74ec\" \n\t\t\t\t\tdata-interaction-id=\"f7a6108\" \n\t\t \n\t\t data-e-type=\"widget\" data-id=\"f7a6108\"\n\t\t\t\t\t\t\t\t\tid=\"44\"\n\t\t\t\t\t\t\t\t\t\t\t\tsrc=\"https:\/\/symem.mx\/wp-content\/uploads\/2026\/04\/800_69dfb92d0760f.webp\"\n\t\t\t\t\t\t\t\t\t\t\t\twidth=\"800\"\n\t\t\t\t\t\t\t\t\t\t\t\theight=\"1070\"\n\t\t\t\t\t\t\t\t\t\t\t\tsrcset=\"https:\/\/symem.mx\/wp-content\/uploads\/2026\/04\/800_69dfb92d0760f.webp 800w, https:\/\/symem.mx\/wp-content\/uploads\/2026\/04\/800_69dfb92d0760f-224x300.webp 224w, https:\/\/symem.mx\/wp-content\/uploads\/2026\/04\/800_69dfb92d0760f-766x1024.webp 766w, https:\/\/symem.mx\/wp-content\/uploads\/2026\/04\/800_69dfb92d0760f-768x1027.webp 768w\"\n\t\t\t\t\t\t\t\t\t\t\t\talt=\"\"\n\t\t\t\t\t\t\/>\n\t\t\t\t\t<\/div>\n\t\t\t\t<\/div>\n\t\t<div class=\"elementor-element elementor-element-cf96bc2 e-con-full e-flex e-con e-child\" data-id=\"cf96bc2\" data-element_type=\"container\" data-e-type=\"container\">\n\t\t<div class=\"elementor-element elementor-element-31c6e2a e-con-full e-flex e-con e-child\" data-id=\"31c6e2a\" data-element_type=\"container\" data-e-type=\"container\">\n\t\t\t\t<\/div>\n\t\t\t\t\t\t\t<h2 \n\t\tdata-interaction-id=\"a1f5b6b\" \n\t\tclass=\"e-a1f5b6b-bfa51cd e-heading-base\" \n\t\t \n\t\tdata-e-type=\"widget\" data-id=\"a1f5b6b\"\n\t>\n\t\n\t\t\tSobre nosotros\n\t\t<\/h2>\n\t\t\t\t\t\n<hr class=\"e-657f340-979e28d e-divider-base\" data-interaction-id=\"657f340\"  data-e-type=\"widget\" data-id=\"657f340\" \/>\n\t\t\t\t<div class=\"elementor-element elementor-element-fb39273 elementor-widget elementor-widget-text-editor\" data-id=\"fb39273\" data-element_type=\"widget\" data-e-type=\"widget\" data-widget_type=\"text-editor.default\">\n\t\t\t\t\t\t\t\t\t<p>En SUMINISTRO Y MANTENIMIENTO A EQUIPO MEDICO brindamos soluciones integrales para cl\u00ednicas, consultorios y centros de salud. Nos especializamos en la venta de equipo m\u00e9dico, asegurando un suministro confiable y asesor\u00eda para elegir la mejor tecnolog\u00eda seg\u00fan tus necesidades. Adem\u00e1s, ofrecemos soporte t\u00e9cnico especializado con mantenimiento preventivo y correctivo para reducir fallas, alargar la vida \u00fatil del equipo y garantizar su operaci\u00f3n segura. Tambi\u00e9n realizamos instalaci\u00f3n, verificaci\u00f3n, calibraci\u00f3n y puesta en marcha, cuidando el cumplimiento y el desempe\u00f1o \u00f3ptimo de tus dispositivos m\u00e9dicos, realizamos servicios a gran variedad de marcas entre las mas importantes STERIS, MATACHANA,STEELCO, PHILIPS, entre muchas mas.<\/p>\t\t\t\t\t\t\t\t<\/div>\n\t\t<div class=\"elementor-element elementor-element-9867091 e-con-full e-flex e-con e-child\" data-id=\"9867091\" data-element_type=\"container\" data-e-type=\"container\" data-settings=\"{&quot;background_background&quot;:&quot;classic&quot;}\">\n\t\t<div class=\"elementor-element elementor-element-f318a29 e-con-full e-flex e-con e-child\" data-id=\"f318a29\" data-element_type=\"container\" data-e-type=\"container\">\n\t\t\t\t\t\t\t<h2 \n\t\tdata-interaction-id=\"4e33503\" \n\t\tclass=\"e-4e33503-d25f69e e-heading-base\" \n\t\t \n\t\tdata-e-type=\"widget\" data-id=\"4e33503\"\n\t>\n\t\n\t\t\tHoras de servicio +\n\t\t<\/h2>\n\t\t\t\t<\/div>\n\t\t<div class=\"elementor-element elementor-element-215891c e-con-full e-flex e-con e-child\" data-id=\"215891c\" data-element_type=\"container\" data-e-type=\"container\">\n\t\t\t\t<div class=\"elementor-element elementor-element-7f8093b elementor-widget elementor-widget-counter\" data-id=\"7f8093b\" data-element_type=\"widget\" data-e-type=\"widget\" data-widget_type=\"counter.default\">\n\t\t\t\t\t\t\t<div class=\"elementor-counter\">\n\t\t\t\t\t\t<div class=\"elementor-counter-number-wrapper\">\n\t\t\t\t<span class=\"elementor-counter-number-prefix\"><\/span>\n\t\t\t\t<span class=\"elementor-counter-number\" data-duration=\"2000\" data-to-value=\"10000\" data-from-value=\"0\" data-delimiter=\",\">0<\/span>\n\t\t\t\t<span class=\"elementor-counter-number-suffix\"><\/span>\n\t\t\t<\/div>\n\t\t<\/div>\n\t\t\t\t\t\t<\/div>\n\t\t\t\t<\/div>\n\t\t\t\t<\/div>\n\t\t\t\t<\/div>\n\t\t\t\t\t<\/div>\n\t\t\t\t<\/div>\n\t\t\t\t<\/div>\n\t\t","protected":false},"excerpt":{"rendered":"<p>Suministro y mantenimiento confiable de equipo m\u00e9dico y electromecanico Soporte t\u00e9cnico especializado para que tu cl\u00ednica nunca se detenga Contactanos Sobre nosotros En SUMINISTRO Y MANTENIMIENTO A EQUIPO MEDICO brindamos soluciones integrales para cl\u00ednicas, consultorios y centros de salud. Nos especializamos en la venta de equipo m\u00e9dico, asegurando un suministro confiable y asesor\u00eda para elegir [&hellip;]<\/p>\n","protected":false},"author":1,"featured_media":0,"parent":0,"menu_order":0,"comment_status":"closed","ping_status":"closed","template":"","meta":{"footnotes":""},"class_list":["post-13","page","type-page","status-publish","hentry"],"_links":{"self":[{"href":"https:\/\/symem.mx\/index.php?rest_route=\/wp\/v2\/pages\/13","targetHints":{"allow":["GET"]}}],"collection":[{"href":"https:\/\/symem.mx\/index.php?rest_route=\/wp\/v2\/pages"}],"about":[{"href":"https:\/\/symem.mx\/index.php?rest_route=\/wp\/v2\/types\/page"}],"author":[{"embeddable":true,"href":"https:\/\/symem.mx\/index.php?rest_route=\/wp\/v2\/users\/1"}],"replies":[{"embeddable":true,"href":"https:\/\/symem.mx\/index.php?rest_route=%2Fwp%2Fv2%2Fcomments&post=13"}],"version-history":[{"count":5,"href":"https:\/\/symem.mx\/index.php?rest_route=\/wp\/v2\/pages\/13\/revisions"}],"predecessor-version":[{"id":79,"href":"https:\/\/symem.mx\/index.php?rest_route=\/wp\/v2\/pages\/13\/revisions\/79"}],"wp:attachment":[{"href":"https:\/\/symem.mx\/index.php?rest_route=%2Fwp%2Fv2%2Fmedia&parent=13"}],"curies":[{"name":"wp","href":"https:\/\/api.w.org\/{rel}","templated":true}]}}